 divisor of 1647 and 1037.
61
Calculate the highest common divisor of 20 and 150.
10
Calculate the highest common divisor of 267 and 979.
89
Calculate the greatest common divisor of 9 and 5121.
9
Calculate the greatest common factor of 30 and 15.
15
What is the greatest common factor of 43 and 86?
43
Calculate the greatest common factor of 252 and 4641.
21
Calculate the highest common divisor of 35 and 3227.
7
What is the highest common divisor of 204 and 1768?
68
What is the greatest common divisor of 2813 and 29?
29
What is the highest common factor of 1603 and 7?
7
What is the greatest common divisor of 30 and 1905?
15
What is the greatest common factor of 3976 and 56?
56
What is the greatest common factor of 115 and 65?
5
What is the greatest common factor of 14 and 7?
7
What is the highest common divisor of 268 and 871?
67
What is the highest common divisor of 21376 and 167?
167
What is the highest common divisor of 124 and 13547?
31
Calculate the highest common factor of 6 and 16.
2
What is the highest common divisor of 27 and 2?
1
What is the greatest common divisor of 244 and 10309?
61
Calculate the highest common factor of 297 and 324.
27
Calculate the greatest common factor of 206 and 309.
103
Calculate the highest common divisor of 4876 and 460.
92
What is the highest common divisor of 36 and 657?
9
What is the greatest common divisor of 801 and 178?
89
Calculate the highest common factor of 1350 and 825.
75
What is the greatest common divisor of 7794 and 18?
18
Calculate the highest common factor of 279 and 9.
9
Calculate the highest common factor of 4229 and 1.
1
Calculate the greatest common factor of 1821 and 24.
3
What is the highest common divisor of 4524 and 522?
174
Calculate the greatest common divisor of 660 and 80.
20
Calculate the highest common divisor of 67 and 871.
67
What is the greatest common divisor of 3730 and 5?
5
What is the highest common factor of 93 and 310?
31
Calculate the greatest common factor of 2774 and 114.
38
What is the highest common factor of 224 and 17136?
112
What is the highest common divisor of 2 and 558?
2
Calculate the highest common factor of 70 and 1890.
70
What is the highest common divisor of 110 and 10?
10
What is the highest common factor of 763 and 7?
7
What is the greatest common factor of 24624 and 162?
162
What is the greatest common factor of 231 and 308?
77
Calculate the highest common factor of 832 and 13.
13
What is the greatest common divisor of 45 and 360?
45
What is the highest common factor of 925 and 37?
37
Calculate the highest common divisor of 549 and 61.
61
Calculate the greatest common divisor of 48 and 168.
24
What is the highest common factor of 48 and 64?
16
What is the greatest common factor of 21 and 7182?
21
Calculate the greatest common factor of 916 and 15343.
229
What is the highest common factor of 495 and 110?
55
Calculate the greatest common divisor of 765 and 9.
9
Calculate the highest common factor of 372 and 8308.
124
Calculate the highest common divisor of 42 and 301.
7
Calculate the greatest common divisor of 380 and 76.
76
Calculate the greatest common factor of 16154 and 328.
82
Calculate the greatest common divisor of 63 and 1827.
63
What is the greatest common factor of 260 and 1495?
65
What is the greatest common divisor of 840 and 6440?
280
Calculate the greatest common factor of 4633 and 113.
113
What is the highest common factor of 2080 and 156?
52
What is the greatest common divisor of 40 and 600?
40
Calculate the highest common factor of 1081 and 141.
47
What is the highest common factor of 846 and 36?
18
Calculate the greatest common divisor of 8 and 140.
4
Calculate the highest common factor of 300 and 48.
12
What is the greatest common divisor of 40 and 2672?
8
Calculate the highest common factor of 4543 and 385.
77
Calculate the greatest common factor of 48 and 7068.
12
What is the greatest common factor of 120 and 264?
24
Calculate the greatest common factor of 7640 and 40.
40
What is the highest common divisor of 7064 and 40?
8
Calculate the highest common factor of 1909 and 249.
83
What is the highest common divisor of 23709 and 21?
21
Calculate the highest common divisor of 15045 and 170.
85
What is the highest common factor of 580 and 58?
58
Calculate the greatest common factor of 1612 and 2728.
124
What is the greatest common factor of 121 and 528?
11
Calculate the greatest common factor of 7 and 1337.
7
What is the greatest common factor of 18 and 48132?
18
What is the highest common factor of 11323 and 134?
67
What is the highest common divisor of 36084 and 291?
291
What is the highest common divisor of 888 and 36?
12
What is the highest common divisor of 1025 and 100?
25
What is the highest common divisor of 150 and 3125?
25
Calculate the highest common factor of 212 and 16.
4
Calculate the greatest common divisor of 168 and 462.
42
Calculate the greatest common factor of 63 and 81.
9
What is the greatest common factor of 32 and 2?
2
What is the highest common factor of 32 and 288?
32
Calculate the highest common factor of 5228 and 24.
4
What is the highest common divisor of 54 and 24264?
18
Calculate the greatest common divisor of 5 and 40.
5
Calculate the highest common factor of 10 and 4.
2
Calculate the greatest common divisor of 3 and 199.
1
Calculate the greatest common factor of 1442 and 28.
14
Calculate the highest common divisor of 189 and 315.
63
What is the greatest common factor of 96 and 204?
12
Calculate the greatest common divisor of 612 and 63.
9
What is the highest common divisor of 12696 and 24?
24
What is the highest common divisor of 130 and 754?
26
Calculate the greatest common divisor of 14 and 182.
14
What is the highest common factor of 1176 and 147?
147
What is the highest common divisor of 357 and 67830?
357
Calculate the highest common divisor of 1 and 4887.
1
What is the greatest common factor of 1387 and 657?
73
Calculate the greatest common divisor of 72 and 64.
8
Calculate the greatest common factor of 35 and 350.
35
Calculate the greatest common divisor of 1963 and 52.
13
What is the greatest common factor of 50 and 1760?
10
What is the highest common divisor of 1764 and 2499?
147
Calculate the greatest common divisor of 74 and 1332.
74
Calculate the highest common factor of 627 and 1140.
57
Calculate the greatest common factor of 46 and 1219.
23
What is the highest common factor of 22 and 176?
22
Calculate the greatest common divisor of 430 and 60.
10
What is the greatest common divisor of 36 and 4194?
18
Calculate the highest common factor of 85 and 7633.
17
Calculate the greatest common factor of 18 and 63.
9
Calculate the greatest common factor of 135 and 513.
27
What is the highest common factor of 5539 and 29?
29
Calculate the greatest common divisor of 28 and 2380.
28
Calculate the highest common factor of 220 and 1672.
44
What is the greatest common factor of 36 and 171?
9
What is the highest common divisor of 126 and 112?
14
Calculate the highest common divisor of 324 and 4374.
162
Calculate the greatest common factor of 6528 and 102.
102
What is the highest common factor of 352 and 44?
44
Calculate the greatest common divisor of 23 and 667.
23
Calculate the greatest common factor of 171 and 1862.
19
Calculate the greatest common factor of 28849 and 34.
17
What is the highest common divisor of 782 and 1326?
34
Calculate the greatest common factor of 3135 and 228.
57
Calculate the greatest common divisor of 25 and 150.
25
What is the highest common divisor of 228 and 48?
12
What is the highest common factor of 23 and 1472?
23
Calculate the highest common factor of 12820 and 20.
20
Calculate the greatest common divisor of 22 and 9537.
11
What is the greatest common factor of 38 and 171?
19
Calculate the greatest common divisor of 240 and 2115.
15
What is the greatest common divisor of 236 and 177?
59
What is the highest common divisor of 25092 and 918?
306
Calculate the highest common factor of 8 and 6280.
8
What is the highest common divisor of 5670 and 1?
1
What is the greatest common divisor of 11 and 77?
11
Calculate the greatest common divisor of 350 and 50.
50
Calculate the highest common factor of 5 and 7130.
5
What is the highest common factor of 136 and 4828?
68
Calculate the 